{"id":15,"date":"2025-09-22T10:15:41","date_gmt":"2025-09-22T10:15:41","guid":{"rendered":"https:\/\/heleade.iuii.ua.es\/?page_id=15"},"modified":"2025-10-03T07:46:03","modified_gmt":"2025-10-03T07:46:03","slug":"casos-de-uso","status":"publish","type":"page","link":"https:\/\/heleade.iuii.ua.es\/index.php\/casos-de-uso\/","title":{"rendered":"Casos de uso"},"content":{"rendered":"\n<div class=\"wp-block-group alignwide has-global-padding is-layout-constrained wp-block-group-is-layout-constrained\">\n<div class=\"wp-block-group alignwide row-responsive is-content-justification-space-between is-nowrap is-layout-flex wp-container-core-group-is-layout-70f641f9 wp-block-group-is-layout-flex\" style=\"border-radius:30px;padding-top:var(--wp--preset--spacing--20);padding-right:0;padding-bottom:var(--wp--preset--spacing--20);padding-left:0\">\n<div class=\"wp-block-group has-base-2-background-color has-background has-global-padding is-layout-constrained wp-block-group-is-layout-constrained\" style=\"border-radius:30px;padding-bottom:var(--wp--preset--spacing--30);box-shadow:var(--wp--preset--shadow--natural)\">\n<div class=\"wp-block-group has-global-padding is-layout-constrained wp-block-group-is-layout-constrained\" style=\"border-radius:30px\">\n<h4 class=\"wp-block-heading has-text-align-center has-gradient-1-gradient-background has-background\" style=\"border-top-left-radius:30px;border-top-right-radius:30px;border-bottom-right-radius:3px\">Predicci\u00f3n de situaciones de sobreexplotaci\u00f3n de recursos<\/h4>\n<\/div>\n\n\n\n<div class=\"wp-block-group has-global-padding is-layout-constrained wp-container-core-group-is-layout-704e782a wp-block-group-is-layout-constrained\">\n<p class=\"has-text-align-center\" style=\"padding-top:0;padding-right:10%;padding-bottom:0;padding-left:10%\">Conectamos a agricultores, gestores de agua y autoridades mediante un espacio de datos para asegurar la protecci\u00f3n de nuestros humedales<\/p>\n\n\n\n<div class=\"wp-block-buttons alignfull is-content-justification-center is-layout-flex wp-container-core-buttons-is-layout-a89b3969 wp-block-buttons-is-layout-flex\">\n<div class=\"wp-block-button scale\"><a class=\"wp-block-button__link has-gradient-1-gradient-background has-background has-small-font-size has-text-align-center has-custom-font-size wp-element-button\" href=\"https:\/\/heleade.iuii.ua.es\/index.php\/casos-de-uso\/caso-1\/\" style=\"border-radius:10px;padding-top:var(--wp--preset--spacing--10);padding-right:var(--wp--preset--spacing--60);padding-bottom:var(--wp--preset--spacing--10);padding-left:var(--wp--preset--spacing--60)\">Ver m\u00e1s -&gt;<\/a><\/div>\n<\/div>\n<\/div>\n<\/div>\n\n\n\n<div class=\"wp-block-group has-base-2-background-color has-background has-global-padding is-layout-constrained wp-block-group-is-layout-constrained\" style=\"border-radius:30px;padding-bottom:var(--wp--preset--spacing--30);box-shadow:var(--wp--preset--shadow--natural)\">\n<div class=\"wp-block-group has-global-padding is-layout-constrained wp-block-group-is-layout-constrained\" style=\"border-radius:30px\">\n<h4 class=\"wp-block-heading has-text-align-center has-gradient-2-gradient-background has-background\" style=\"border-top-left-radius:30px;border-top-right-radius:30px;border-bottom-right-radius:3px\">Fluctuaciones en el nivel del agua de los humedales<\/h4>\n<\/div>\n\n\n\n<div class=\"wp-block-group has-global-padding is-layout-constrained wp-container-core-group-is-layout-704e782a wp-block-group-is-layout-constrained\">\n<p class=\"has-text-align-center\" style=\"padding-right:10%;padding-left:10%\">Ponemos a disposici\u00f3n de las diferentes empresas la informaci\u00f3n necesaria con la que se podr\u00e1n organizarse de manera eficiente<\/p>\n\n\n\n<div class=\"wp-block-buttons alignfull is-content-justification-center is-layout-flex wp-container-core-buttons-is-layout-a89b3969 wp-block-buttons-is-layout-flex\">\n<div class=\"wp-block-button scale\"><a class=\"wp-block-button__link has-gradient-2-gradient-background has-background has-small-font-size has-text-align-center has-custom-font-size wp-element-button\" href=\"https:\/\/heleade.iuii.ua.es\/index.php\/casos-de-uso\/caso-2\/\" style=\"border-radius:10px;padding-top:var(--wp--preset--spacing--10);padding-right:var(--wp--preset--spacing--60);padding-bottom:var(--wp--preset--spacing--10);padding-left:var(--wp--preset--spacing--60)\">Ver m\u00e1s -&gt;<\/a><\/div>\n<\/div>\n<\/div>\n<\/div>\n<\/div>\n\n\n\n<div class=\"wp-block-group has-base-2-background-color has-background has-global-padding is-layout-constrained wp-block-group-is-layout-constrained\" style=\"border-radius:30px;margin-top:var(--wp--preset--spacing--20);padding-bottom:var(--wp--preset--spacing--30);box-shadow:var(--wp--preset--shadow--natural)\">\n<div class=\"wp-block-group has-global-padding is-layout-constrained wp-block-group-is-layout-constrained\" style=\"border-radius:30px\">\n<div class=\"wp-block-group alignwide has-global-padding is-layout-constrained wp-block-group-is-layout-constrained\">\n<h4 class=\"wp-block-heading alignfull has-text-align-center has-gradient-3-gradient-background has-background\" style=\"border-top-left-radius:30px;border-top-right-radius:30px;border-bottom-right-radius:3px\">Reclamaciones ante aseguradoras<\/h4>\n<\/div>\n<\/div>\n\n\n\n<div class=\"wp-block-group has-global-padding is-layout-constrained wp-container-core-group-is-layout-704e782a wp-block-group-is-layout-constrained\">\n<p class=\"has-text-align-center\" style=\"padding-right:10%;padding-left:10%\">Proveemos la informaci\u00f3n meteorol\u00f3gica necesaria para rellenar tus informes ante un evento clim\u00e1tico extremo<\/p>\n\n\n\n<div class=\"wp-block-buttons alignfull is-content-justification-center is-layout-flex wp-container-core-buttons-is-layout-a89b3969 wp-block-buttons-is-layout-flex\">\n<div class=\"wp-block-button scale\"><a class=\"wp-block-button__link has-gradient-3-gradient-background has-background has-small-font-size has-text-align-center has-custom-font-size wp-element-button\" href=\"https:\/\/heleade.iuii.ua.es\/index.php\/casos-de-uso\/caso-3\/\" style=\"border-radius:10px;padding-top:var(--wp--preset--spacing--10);padding-right:var(--wp--preset--spacing--60);padding-bottom:var(--wp--preset--spacing--10);padding-left:var(--wp--preset--spacing--60)\">Ver m\u00e1s -&gt;<\/a><\/div>\n<\/div>\n<\/div>\n<\/div>\n<\/div>\n","protected":false},"excerpt":{"rendered":"<p>Predicci\u00f3n de situaciones de sobreexplotaci\u00f3n de recursos Conectamos a agricultores, gestores de agua y autoridades mediante un espacio de datos para asegurar la protecci\u00f3n de nuestros humedales Fluctuaciones en el nivel del agua de los humedales Ponemos a disposici\u00f3n de las diferentes empresas la informaci\u00f3n necesaria con la que se podr\u00e1n organizarse de manera eficiente [&hellip;]<\/p>\n","protected":false},"author":1,"featured_media":0,"parent":0,"menu_order":0,"comment_status":"closed","ping_status":"closed","template":"","meta":{"footnotes":""},"class_list":["post-15","page","type-page","status-publish","hentry"],"_links":{"self":[{"href":"https:\/\/heleade.iuii.ua.es\/index.php\/wp-json\/wp\/v2\/pages\/15","targetHints":{"allow":["GET"]}}],"collection":[{"href":"https:\/\/heleade.iuii.ua.es\/index.php\/wp-json\/wp\/v2\/pages"}],"about":[{"href":"https:\/\/heleade.iuii.ua.es\/index.php\/wp-json\/wp\/v2\/types\/page"}],"author":[{"embeddable":true,"href":"https:\/\/heleade.iuii.ua.es\/index.php\/wp-json\/wp\/v2\/users\/1"}],"replies":[{"embeddable":true,"href":"https:\/\/heleade.iuii.ua.es\/index.php\/wp-json\/wp\/v2\/comments?post=15"}],"version-history":[{"count":9,"href":"https:\/\/heleade.iuii.ua.es\/index.php\/wp-json\/wp\/v2\/pages\/15\/revisions"}],"predecessor-version":[{"id":213,"href":"https:\/\/heleade.iuii.ua.es\/index.php\/wp-json\/wp\/v2\/pages\/15\/revisions\/213"}],"wp:attachment":[{"href":"https:\/\/heleade.iuii.ua.es\/index.php\/wp-json\/wp\/v2\/media?parent=15"}],"curies":[{"name":"wp","href":"https:\/\/api.w.org\/{rel}","templated":true}]}}