{"id":70,"date":"2025-09-25T09:25:51","date_gmt":"2025-09-25T09:25:51","guid":{"rendered":"https:\/\/heleade.iuii.ua.es\/?page_id=70"},"modified":"2025-10-03T07:50:03","modified_gmt":"2025-10-03T07:50:03","slug":"caso-2","status":"publish","type":"page","link":"https:\/\/heleade.iuii.ua.es\/index.php\/casos-de-uso\/caso-2\/","title":{"rendered":"caso 2"},"content":{"rendered":"\n<div class=\"wp-block-group alignwide has-global-padding is-layout-constrained wp-container-core-group-is-layout-704e782a wp-block-group-is-layout-constrained\">\n<div class=\"wp-block-group alignfull has-global-padding is-layout-constrained wp-container-core-group-is-layout-704e782a wp-block-group-is-layout-constrained\">\n<h2 class=\"wp-block-heading alignwide has-text-align-center has-accent-2-color has-text-color has-link-color wp-elements-1267fa581d960be55034bc278704bf3c\"><strong>Gesti\u00f3n inteligente de humedales<\/strong><\/h2>\n\n\n\n<h3 class=\"wp-block-heading alignfull has-text-align-center\"><strong>Optimizando las fluctuaciones del nivel del agua para la conservaci\u00f3n de la biodiversidad y el desarrollo econ\u00f3mico sostenible<\/strong><\/h3>\n\n\n\n<p class=\"has-text-align-center\">Los administradores de ANPs enfrentan decisiones cr\u00edticas que influyen en el equilibrio entre conservaci\u00f3n e impacto econ\u00f3mico.<\/p>\n\n\n\n<div class=\"wp-block-buttons is-content-justification-center is-layout-flex wp-container-core-buttons-is-layout-a89b3969 wp-block-buttons-is-layout-flex\">\n<div class=\"wp-block-button scale\"><a class=\"wp-block-button__link has-accent-background-color has-background has-text-align-center wp-element-button\" href=\"https:\/\/heleade.iuii.ua.es\/index.php\/casos-de-uso\/caso-2\/#participants\" style=\"border-radius:15px\">Descubre nuestros participantes -&gt;<\/a><\/div>\n<\/div>\n<\/div>\n\n\n\n<div style=\"height:30px\" aria-hidden=\"true\" class=\"wp-block-spacer\"><\/div>\n\n\n\n<div class=\"wp-block-group alignfull has-global-padding is-layout-constrained wp-container-core-group-is-layout-b63dc968 wp-block-group-is-layout-constrained\" style=\"border-radius:30px;padding-top:var(--wp--preset--spacing--30);padding-right:var(--wp--preset--spacing--30);padding-bottom:var(--wp--preset--spacing--30);padding-left:var(--wp--preset--spacing--30);box-shadow:none\">\n<div class=\"wp-block-group alignfull row-responsive is-content-justification-space-between is-nowrap is-layout-flex wp-container-core-group-is-layout-297ebdc2 wp-block-group-is-layout-flex\">\n<div class=\"wp-block-group has-background has-global-padding is-layout-constrained wp-container-core-group-is-layout-594587f7 wp-block-group-is-layout-constrained\" style=\"border-radius:30px;border-top-color:var(--wp--preset--color--accent-2);border-top-width:3px;background-color:#fefdfd;padding-top:var(--wp--preset--spacing--20);padding-right:var(--wp--preset--spacing--30);padding-bottom:var(--wp--preset--spacing--20);padding-left:var(--wp--preset--spacing--30);box-shadow:var(--wp--preset--shadow--natural)\">\n<h4 class=\"wp-block-heading has-text-align-center has-contrast-color has-text-color has-link-color has-large-font-size wp-elements-e6a5259a5accda12de348c4d0a9d1d73\"><strong>Especies amenazadas<\/strong><\/h4>\n\n\n\n<p class=\"has-text-align-center has-medium-font-size\">La informaci\u00f3n sobre reproducci\u00f3n de especies como la <strong>Cerceta pardilla<\/strong> no es inmediata, dificultando la toma de decisiones para la gesti\u00f3n del parque.<\/p>\n<\/div>\n\n\n\n<div class=\"wp-block-group has-background has-global-padding is-layout-constrained wp-container-core-group-is-layout-594587f7 wp-block-group-is-layout-constrained\" style=\"border-radius:30px;border-top-color:var(--wp--preset--color--accent-2);border-top-width:3px;background-color:#fefdfd;padding-top:var(--wp--preset--spacing--20);padding-right:var(--wp--preset--spacing--30);padding-bottom:var(--wp--preset--spacing--20);padding-left:var(--wp--preset--spacing--30);box-shadow:var(--wp--preset--shadow--natural)\">\n<h4 class=\"wp-block-heading has-text-align-center has-large-font-size\"><strong>Fluctuaciones bruscas<\/strong><\/h4>\n\n\n\n<p class=\"has-text-align-center has-medium-font-size\">Las variaciones del nivel del agua pueden <strong>afectar negativamente la biodiversidad <\/strong>si no se planifican adecuadamente seg\u00fan los ciclos reproductivos.<\/p>\n<\/div>\n<\/div>\n\n\n\n<div class=\"wp-block-group has-background has-global-padding is-layout-constrained wp-container-core-group-is-layout-b4d72326 wp-block-group-is-layout-constrained\" style=\"border-radius:30px;border-top-color:var(--wp--preset--color--accent-5);border-top-width:3px;background-color:#fefdfd;margin-top:var(--wp--preset--spacing--40);margin-bottom:0;padding-top:var(--wp--preset--spacing--20);padding-right:var(--wp--preset--spacing--30);padding-bottom:var(--wp--preset--spacing--20);padding-left:var(--wp--preset--spacing--30);box-shadow:var(--wp--preset--shadow--natural)\">\n<h4 class=\"wp-block-heading has-text-align-center has-large-font-size\"><strong>Coordinaci\u00f3n de actividades<\/strong><\/h4>\n\n\n\n<p class=\"has-text-align-center has-medium-font-size\">Las<strong> industrias salineras<\/strong> y <strong>comunidades de regantes<\/strong> necesitan coordinar sus actividades con los ciclos naturales de los humedales.<\/p>\n<\/div>\n<\/div>\n\n\n\n<div style=\"height:30px\" aria-hidden=\"true\" class=\"wp-block-spacer\"><\/div>\n\n\n\n<div class=\"wp-block-group alignfull has-base-2-background-color has-background has-global-padding is-layout-constrained wp-container-core-group-is-layout-80fb368b wp-block-group-is-layout-constrained\" id=\"participants\" style=\"border-radius:30px;padding-top:var(--wp--preset--spacing--30);padding-right:var(--wp--preset--spacing--30);padding-bottom:var(--wp--preset--spacing--30);padding-left:var(--wp--preset--spacing--30);box-shadow:var(--wp--preset--shadow--natural)\">\n<h3 class=\"wp-block-heading alignwide has-text-align-center\"><strong>Participantes del ecosistema<\/strong><\/h3>\n\n\n\n<p class=\"has-text-align-center\">Colaboraci\u00f3n entre m\u00faltiples sectores para una gesti\u00f3n integral<\/p>\n\n\n\n<figure class=\"wp-block-table alignwide is-style-stripes has-medium-font-size\"><table class=\"has-fixed-layout\"><thead><tr><th class=\"has-text-align-left\" data-align=\"left\">Actores<\/th><th>Rol<\/th><th>Datos que provee\/consume<\/th><\/tr><\/thead><tbody><tr><td class=\"has-text-align-left\" data-align=\"left\">Parques naturales<\/td><td>Proveedor de datos<\/td><td>Datos de sensores IoT (La Mata y Torrevieja)<br>Datos del nivel de la l\u00e1mina de agua<\/td><\/tr><tr><td class=\"has-text-align-left\" data-align=\"left\">Entidades tercer sector (Faunatura y Mastral)<\/td><td>Proveedor de datos<\/td><td>Informaci\u00f3n sobre comportamiento reproductivo<br>Datos de migraci\u00f3n de especies amenazadas<br>Datos sobre las condiciones meteorol\u00f3gicas<\/td><\/tr><tr><td class=\"has-text-align-left\" data-align=\"left\">Industrias salineras<\/td><td>Proveedor y consumidor<\/td><td>Necesidades operativas de la industria salinera<br>Planificaci\u00f3n de las actividades<\/td><\/tr><tr><td class=\"has-text-align-left\" data-align=\"left\">Empresas gesti\u00f3n del agua<\/td><td>Proveedor de datos<\/td><td>Datos del ciclo integral del agua<br>Informaci\u00f3n sobre gesti\u00f3n h\u00eddrica<br>Planificaci\u00f3n de operaciones<\/td><\/tr><tr><td class=\"has-text-align-left\" data-align=\"left\">Comunidades de regantes<\/td><td>Proveedor y consumidor<\/td><td>PLanificaci\u00f3n de riegos estacionales<br>Cronogramas de suministro de agua<\/td><\/tr><tr><td class=\"has-text-align-left\" data-align=\"left\">Gestores de las ANPs<\/td><td>Consumidor de datos<\/td><td>Datos sobre especies amenazadas y reproducci\u00f3n<br>Informaci\u00f3n para la toma de decisiones<br>An\u00e1lisis de impacto en la biodiversidad<\/td><\/tr><\/tbody><\/table><\/figure>\n<\/div>\n<\/div>\n\n\n\n<div style=\"height:30px\" aria-hidden=\"true\" class=\"wp-block-spacer\"><\/div>\n\n\n\n<div class=\"wp-block-buttons alignwide is-content-justification-space-between is-layout-flex wp-container-core-buttons-is-layout-b2891da8 wp-block-buttons-is-layout-flex\">\n<div class=\"wp-block-button scale\"><a class=\"wp-block-button__link has-accent-2-background-color has-background wp-element-button\" href=\"https:\/\/heleade.iuii.ua.es\/index.php\/casos-de-uso\/caso-1\/\" style=\"border-radius:15px\">&lt;- Anterior<\/a><\/div>\n\n\n\n<div class=\"wp-block-button scale\"><a class=\"wp-block-button__link has-accent-2-background-color has-background wp-element-button\" href=\"https:\/\/heleade.iuii.ua.es\/index.php\/casos-de-uso\/caso-3\/\" style=\"border-radius:15px\">Siguiente -&gt;<\/a><\/div>\n<\/div>\n","protected":false},"excerpt":{"rendered":"<p>Gesti\u00f3n inteligente de humedales Optimizando las fluctuaciones del nivel del agua para la conservaci\u00f3n de la biodiversidad y el desarrollo econ\u00f3mico sostenible Los administradores de ANPs enfrentan decisiones cr\u00edticas que influyen en el equilibrio entre conservaci\u00f3n e impacto econ\u00f3mico. Especies amenazadas La informaci\u00f3n sobre reproducci\u00f3n de especies como la Cerceta pardilla no es inmediata, dificultando [&hellip;]<\/p>\n","protected":false},"author":1,"featured_media":0,"parent":15,"menu_order":0,"comment_status":"closed","ping_status":"closed","template":"","meta":{"footnotes":""},"class_list":["post-70","page","type-page","status-publish","hentry"],"_links":{"self":[{"href":"https:\/\/heleade.iuii.ua.es\/index.php\/wp-json\/wp\/v2\/pages\/70","targetHints":{"allow":["GET"]}}],"collection":[{"href":"https:\/\/heleade.iuii.ua.es\/index.php\/wp-json\/wp\/v2\/pages"}],"about":[{"href":"https:\/\/heleade.iuii.ua.es\/index.php\/wp-json\/wp\/v2\/types\/page"}],"author":[{"embeddable":true,"href":"https:\/\/heleade.iuii.ua.es\/index.php\/wp-json\/wp\/v2\/users\/1"}],"replies":[{"embeddable":true,"href":"https:\/\/heleade.iuii.ua.es\/index.php\/wp-json\/wp\/v2\/comments?post=70"}],"version-history":[{"count":9,"href":"https:\/\/heleade.iuii.ua.es\/index.php\/wp-json\/wp\/v2\/pages\/70\/revisions"}],"predecessor-version":[{"id":217,"href":"https:\/\/heleade.iuii.ua.es\/index.php\/wp-json\/wp\/v2\/pages\/70\/revisions\/217"}],"up":[{"embeddable":true,"href":"https:\/\/heleade.iuii.ua.es\/index.php\/wp-json\/wp\/v2\/pages\/15"}],"wp:attachment":[{"href":"https:\/\/heleade.iuii.ua.es\/index.php\/wp-json\/wp\/v2\/media?parent=70"}],"curies":[{"name":"wp","href":"https:\/\/api.w.org\/{rel}","templated":true}]}}